8 = 2*s - 10. What is the remainder when 141 is divided by s?
21
Suppose -w + 244 = 3*h, 0*h - 747 = -3*w - 4*h. Calculate the remainder when w is divided by 16.
13
Let r(q) be the third derivative of q**6/60 + q**5/60 - q**3/6 - 2*q**2. What is the remainder when r(1) is divided by 4/(-10)*(-3 - 2)?
0
Let b(d) = -8 - 2 + d**2 + 12*d - 2*d**2 + 0*d. Calculate the remainder when 496/10 - (-2)/5 is divided by b(9).
16
Suppose -2*v - 5 = -19. Calculate the remainder when 20 is divided by v.
6
Suppose -3*l - 3*x + 63 = 0, l = -5*x + 4 + 9. Calculate the remainder when 30 is divided by l.
7
Suppose 9*h - 6 = -2*n + 4*h, h = -3*n + 35. Suppose -y = 3*c - 29, 4*c = n - 5. What is the remainder when 67 is divided by y?
21
Let f = -59 - -167. What is the remainder when f is divided by 37?
34
Let r = 23 - 6. What is the remainder when 63 is divided by r?
12
Let d(b) = -b**2 + 14*b + 18. Calculate the remainder when d(14) is divided by 10/(-8)*(1 - 9).
8
Let v = 0 - -4. Calculate the remainder when v is divided by 1.
0
Let p be -1 - -1 - (4 - -2). Let q(h) = -1 - 3 + 3 + 6 - h. What is the remainder when 31 is divided by q(p)?
9
Suppose -3*q + 7*q = 5*d + 213, 0 = 2*d + 2. What is the remainder when q is divided by 14?
10
Suppose 0 = 2*r - 3*i - 25, 5*r - 2 - 57 = 4*i. Let x = r - 3. Calculate the remainder when x is divided by (-2)/(-4) + (-9)/(-2).
3
What is the remainder when 11 is divided by 5/(10/(-15)*3/(-2))?
1
Suppose 29 = 2*y - y. Let h = y + -20. What is the remainder when h is divided by 6?
3
Let m = 206 - 63. What is the remainder when m is divided by 24?
23
Let z(p) = -4*p - 28. Calculate the remainder when 53 is divided by z(-12).
13
Let k be 2/3 - (-23)/(-3). Let h = 33 + k. Suppose 0 = -5*p - 25, s - 16 - 8 = 3*p. What is the remainder when h is divided by s?
8
Let u(s) = s**3 + 6*s**2 - 7*s - 5. Suppose j - 106 = q, 2*j - 3*q - 427 = -2*j. Calculate the remainder when j is divided by u(-6).
35
Suppose 2*w = 2*s - 70, 3*s - 4*s - w + 33 = 0. Suppose 3*q + 10 = -3*h + 58, -3*h + s = -4*q. Calculate the remainder when 27 is divided by h.
13
Let b = 87 + -59. Calculate the remainder when b is divided by 6.
4
Suppose -3*y + 7*t + 340 = 3*t, y + 2*t = 100. Suppose s + y = 4*s. Calculate the remainder when s is divided by 13.
10
Suppose -5*r = 2*t + 7, 0*t - 30 = -5*t - 3*r. Suppose -14*q = -20*q + 150. Calculate the remainder when q is divided by t.
7
Suppose -5*k - 14 = -2*x - 2, 0 = 3*k + 12. What is the remainder when 0 + 2 + 12*3 is divided by (-42)/x + (-4)/8?
8
Suppose 2*i - 114 = -20. Let c = i + -26. Calculate the remainder when c is divided by (11/5)/((-2)/(-10)).
10
Calculate the remainder when 33 is divided by (16/10 + 10/(-25))*10.
9
Let v = 103 + 2. Suppose -5*z - p + v = 26, 5*z - 81 = p. Suppose 2*b - z = 6*b, 3*b - 68 = -5*x. Calculate the remainder when x is divided by 9.
7
Suppose -l + 15 = -0*l. Calculate the remainder when (1 + (-12)/8)*-116 is divided by l.
13
Let s be 5/(0/(-1) + 1). Suppose -90 = -s*n + 5*j, 4*j - 63 = -4*n - j. What is the remainder when 33 is divided by n?
16
Calculate the remainder when (-2 + 0)/((-2)/13) is divided by (19/7 + -2)/((-33)/(-231)).
3
Let n(v) = v. Calculate the remainder when -1 - -1*26*1 is divided by n(7).
4
Suppose -3*k = 2*n + 6, k - 3 = 4*n + 9. Suppose k*t - 4*d + 19 = 3*t, t + d - 5 = 0. What is the remainder when (12/(-8))/(t/(-8)) is divided by 7?
5
Let t(h) = -6*h - 16. Calculate the remainder when 76 is divided by t(-7).
24
Let z = -206 - -136. Calculate the remainder when 37 is divided by ((-40)/14)/(20/z).
7
Let x(z) = 8*z - 17. What is the remainder when x(5) is divided by 8?
7
Suppose -5*h + 2*h = -183. What is the remainder when h is divided by 21?
19
Suppose 14 = -4*a - 2. Let d be a/1 + 1 - -7. Let m(y) = y**3 - y**2 + 3*y - 2. Calculate the remainder when m(d) is divided by 15.
13
Suppose 3*w + 12 = 5*w + 3*d, 0 = -3*w - 4*d + 17. Suppose -w*l + 29 = -25. What is the remainder when l is divided by 10?
8
Let d be (-1)/(-2 - (-21)/12). Suppose -r = -d*t + 85, 2*t = t - 3*r + 5. Calculate the remainder when 4/(-6) - 528/(-9) is divided by t.
18
Let s = -23 + 44. What is the remainder when s is divided by 1 - (-6 + 3 - 2)?
3
Let i = -6 + 11. Suppose 5*h - 3*n = 1, -h + 6*h + 5*n = 25. What is the remainder when i is divided by h?
1
Suppose -3*m + 738 = -114. Suppose -4*w - m = 2*u, -3*u = u + 4*w + 552. What is the remainder when 37 is divided by u/(-10) - (-8)/(-20)?
11
Let k = -1 - -4. Suppose 4*o + 11 = -3*u, -2*u + 1 = 4*o - k*o. Suppose y - 28 = -u*y. What is the remainder when y is divided by 3?
1
Suppose -y + 47 = -189. Suppose z + y = -3*z. Let d = z + 102. What is the remainder when d is divided by 15?
13
Let s(u) = u - 4. Let t = 4 - 1. Let b be s(t). What is the remainder when 23 is divided by (-12)/b - (1 - 1)?
11
Suppose -i - 2*m = -7*m + 4, -3*i - 3*m = -24. What is the remainder when (20/(-3))/((-4)/i) is divided by 6?
4
Let s = -17 - -27. Let l be ((-10)/(-3))/(2/3). Suppose 92 = 3*a + l*n, -4*n - 2 = a - 35. Calculate the remainder when a is divided by s.
9
Let y = 26 + -13. Let w be 2*-1 - (-15 + 2). Let r = 13 + w. Calculate the remainder when r is divided by y.
11
Let a be (-6)/(-21) + (-1251)/(-7). Suppose 4*x - 29 = a. What is the remainder when x is divided by 18?
16
Let r(f) = f**3 - 5*f**2 - 6*f + 1. Suppose 4*j + 0 = 32. Let t(u) = -u**2 + 8*u + 2. What is the remainder when t(j) is divided by r(6)?
0
Let x(a) = -a + 2 + 5*a + a**2 - 3. Let l be x(-5). Suppose -2*d = l*b - 20, 5*b + 49 = d + 4. Calculate the remainder when 59 is divided by d.
19
Let w(r) = 4*r**3 + r**2 + r - 1. Calculate the remainder when w(1) is divided by 2.
1
Let w(x) = -4 + x**3 - 1 + 6*x**2 - 2*x - 3. Calculate the remainder when 7 is divided by w(-6).
3
Suppose 0 = 2*x + 4, -5*x + 0 = -q + 28. Suppose -5*v + s + 56 = -2*v, v - s = q. Calculate the remainder when 56 is divided by v.
18
Suppose -l + 0*l - 2 = 0. Let n(u) = 2*u**2 + 4*u - 5. Calculate the remainder when n(-4) is divided by 8*(-2 + 1)/l.
3
Let m(p) = -2*p - 9. Let x be m(-6). Suppose -3*r - 5*o = x - 0, 2*r + o = -2. Calculate the remainder when r/3 - (-158)/6 is divided by 9.
8
Let d = -10 + 6. What is the remainder when 234/10 + d/10 is divided by (-1)/(-2) + 45/6?
7
Suppose -3*y = 2*z - 4, -3*y + 0*y + 8 = 4*z. Let h(u) = -u. Let n be h(y). What is the remainder when (-30)/(-1) + (2 - n) is divided by 17?
15
Suppose 0 = -2*b + 51 + 33. Calculate the remainder when 82 is divided by b.
40
Suppose 3*q = -3*p - p + 34, 5*q - 50 = -5*p. Suppose d - 43 = -5*t, 4*t - 2 - q = 0. What is the remainder when d is divided by 9?
6
Suppose 19 = -3*j + 67. Suppose 0 = -3*u - 665 + 752. Calculate the remainder when u is divided by j.
13
Suppose 5*p + 5*o = 140, -2*o = p + 4 - 31. Calculate the remainder when p is divided by 8.
5
Let i(l) be the second derivative of -l**3/6 + l**2/2 - 7*l. What is the remainder when 32 is divided by i(-8)?
5
Suppose 1 = -l - 18. Let c = 30 + l. Let p = -24 + 45. Calculate the remainder when p is divided by c.
10
Suppose -2*z + 59 = -z. Let v = z - 31. What is the remainder when v is divided by 6?
4
Let m(y) = 2*y**2 - 14*y + 23. Calculate the remainder when 29 is divided by m(7).
6
Suppose -5*s + 918 = 68. Calculate the remainder when s is divided by 29.
25
Suppose -2*l - 2*l - 4*o = -36, -2*o = 4*l - 38. Calculate the remainder when 199 is divided by l.
9
Suppose 3*b = -12, j - 4*j = -5*b - 44. Calculate the remainder when j is divided by 2.
0
Let b(w) be the third derivative of w**6/120 + w**5/20 - w**4/8 + w**3/2 - w**2. Let t(s) = 7*s - 3. What is the remainder when t(5) is divided by b(2)?
15
Suppose -4*f + 51 + 5 = 0. What is the remainder when (1 + 0)*(57 + -1 - 4) is divided by f?
10
Let r(i) = -i**2 - i + 2. Let w be r(0). Let y = 3 + w. What is the remainder when 7 is divided by y?
2
Let l(s) = -s**3 + 7*s**2 - 9*s + 2. Calculate the remainder when 41 is divided by l(4).
13
Suppose -4*k + 95 = -5*l, -k - 4*k + 3*l + 109 = 0. Calculate the remainder when k is divided by 7.
6
Suppose 15 = 3*s - 2*r, -7*s + 32 = -2*s - r. Let y = -13 + 26. Calculate the remainder when y is divided by s.
6
Let c = 48 - 32. Let r(y) = 0*y**3 + 3*y + 2*y**3 - y**3 + 5*y**2. Calculate the remainder